358 - c. Is g a composite number?
False
Let j = 5 - -3. Suppose -l - j + 39 = 0. Suppose 0*a - a + l = 0. Is a prime?
True
Let j(v) = v + 50. Let p be j(0). Let x = p + -12. Is x composite?
True
Let h(o) be the first derivative of o**2/2 + 49*o + 5. Suppose 5*z - 5*r = 25, 2 = -4*z - 2*r - 8. Is h(z) composite?
True
Let l = 799 - 536. Suppose a - 3*p - l = 0, -p = a + 4*a - 1395. Is a a composite number?
True
Suppose -2 = -j - 0*j - v, -4*j - v = 4. Is ((-581)/(-14))/((-1)/j) a composite number?
False
Suppose -3*p + 554 + 19 = 0. Is p prime?
True
Let m = -3 + 5. Suppose -12 = -2*z - m*z. Is (z - 1) + (3 - -92) a composite number?
False
Suppose 2*j = -j + 54. Let s be (2/(6/255))/1. Let u = s - j. Is u a prime number?
True
Suppose -7*v + 4*v = i - 698, -i + 4*v + 733 = 0. Is i a prime number?
False
Suppose -5*v + 6 = 2*z - 4*z, -z - 3 = 3*v. Suppose 0 = b - v*b - 19. Is b composite?
False
Suppose 3*i - 742 = 5*c - 1768, -i + 3 = 0. Suppose 0 = -5*k + 2*k + m - 307, 327 = -3*k - 3*m. Let t = c + k. Is t a composite number?
False
Suppose 4*h - 3*i + 138 = h, -138 = 3*h - 5*i. Let y = -82 - h. Let r = 73 + y. Is r composite?
False
Let f be -3 + -47 + -3 + -1. Let t = -17 - f. Is t a composite number?
False
Let r = 450 - 1166. Let v = 1351 + r. Is v composite?
True
Let a(f) = f + 3. Let l be a(-3). Suppose l = -4*c - 5*g + 1, 3*c - 3*g - 26 + 5 = 0. Suppose -5*b + c = -3*x - 0*x, 4*b - 20 = 0. Is x prime?
True
Let g be 808/(-20) - (-6)/15. Let c = g - -167. Is c prime?
True
Let x(o) = -o**3 + 4*o**2 + 2*o - 6. Let f = 3 + 1. Let t be x(f). Is (1*-2)/t*-37 a prime number?
True
Let x = -120 - -203. Suppose -5*a - 30 = -5*h + 120, 3*h + a - 74 = 0. Let i = x - h. Is i a prime number?
False
Let x be (0 + -3)*(0 + -4). Is (6/x)/(1/46) prime?
True
Let n be 3584/10 + (-4)/10. Suppose v = -4*v - p - 619, v + 4*p = -139. Let f = v + n. Is f prime?
False
Let q = 1798 - 1241. Is q prime?
True
Let f(v) = v**3 + 24*v**2 - 46*v + 8. Is f(-25) a prime number?
False
Let p be -3*((-5)/(-3))/1. Let m = -3 - p. Is ((-6)/(-8))/(m/40) a prime number?
False
Let m(q) = -3*q**2 - 6*q - 5. Let a be m(-9). Is a*(3 - (-14)/(-4)) prime?
True
Suppose 2*l + 3*j = 1088, -2*l + j - 3*j + 1084 = 0. Is l a prime number?
False
Let y = 27 - 44. Suppose -143 = -4*z + 13. Let i = y + z. Is i composite?
True
Let b(g) = 6*g + 7. Let n(f) = f**2 + f + 1. Let u(m) = b(m) - n(m). Suppose -3*s = 2*y - 19, -5*y + 5*s + 5 = -5. Is u(y) a prime number?
False
Let y(q) = -7*q**2 + 6*q + 5. Let w(r) = -7*r**2 + 7*r + 6. Let l(u) = -4*w(u) + 5*y(u). Let o be l(-2). Let v = o + 74. Is v a composite number?
False
Let v = 30 - -2. Let z be (60/16)/(3/v). Suppose -3*b + b + c + z = 0, -5*c = -10. Is b prime?
False
Let i(n) = -12*n**2 - 5*n - 2. Let w(c) = 13*c**2 + 5*c + 3. Let y(b) = -5*i(b) - 4*w(b). Let z be (-1)/(-1) + (-4)/(-2). Is y(z) prime?
False
Suppose -8 = -4*b + 4. Let c = 116 + b. Is c composite?
True
Let k be 1*3/(-6)*0. Let f = k + 62. Is f a prime number?
False
Let f(p) = 176*p**2 - 3*p - 2. Is f(-3) prime?
False
Suppose 2*w + 0*w = 10. Suppose -w*r = 98 - 328. Is r a composite number?
True
Suppose -3*s = -4*m - 6*s + 24, m = -5*s + 23. Suppose 81 = 3*l - 60. Suppose m = -4*z + l. Is z composite?
False
Let y(f) = 120*f**2 - 9*f + 14. Is y(3) prime?
False
Let g(u) = -u**3 + 13*u**2 + 3*u + 7. Is g(10) prime?
True
Let j(m) = 336*m**2 - m + 2. Is j(1) composite?
False
Let p(h) = -2*h**3 + 1 + 3*h + 4*h**2 - h - 2*h**2. Let r be 16/(-7) - (-8)/28. Is p(r) prime?
False
Suppose l - 1497 - 499 = -4*k, 5*l + 499 = k. Is k a prime number?
True
Suppose -3*o - 7 = 2. Suppose 0 = 2*g - 4 - 4. Is (g - 2) + o + 48 composite?
False
Let l = 7 - 5. Is ((-1)/l)/(1/(-326)) prime?
True
Suppose a - 2*a + 257 = 0. Is a a prime number?
True
Let j be 24/(-36) + (-500)/(-3). Let l = 465 + j. Is l a prime number?
True
Suppose 2*l = 5*l. Suppose l = 2*p - 0*p - 66. Is p a prime number?
False
Let p(k) = -k**3 + 9*k**2 + 12*k + 1. Is p(-5) prime?
False
Let b be 0/(-1*(-4 + 3)). Let i = b - -8. Let a(n) = 11*n - 9. Is a(i) a prime number?
True
Suppose 5*s - 5175 - 4845 = 0. Suppose -3*t + 7*t - s = 0. Suppose -4*q = -t - 167. Is q a composite number?
False
Let k = -8 - -11. Suppose -2*j = -j - k. Suppose -3*u = -j*f - 0*u + 12, 0 = -3*f + u + 22. Is f prime?
False
Let h(f) = 60*f**2 - 9*f - 11. Is h(6) composite?
True
Let i be 4/(-2) - 5*-1. Let y(o) = -o**3 + 2*o**2 + 3*o + 1. Let k be y(i). Is 14 + (k - -1 - 3) a prime number?
True
Let b(n) = 147*n + 1. Is b(2) composite?
True
Let r(c) = -55*c**2 + 2*c - 1. Let n be r(1). Let p = -95 + n. Let q = p + 282. Is q a composite number?
True
Let d(a) = -a + 20. Let n(r) = -r**2 - 9*r + 5. Let w be n(-8). Is d(w) a prime number?
True
Suppose -n + 0*n = 687. Is n/(-15) + (-1)/(-5) a prime number?
False
Let o = 2386 + -909. Is o a composite number?
True
Let b be 8/(-48) - 442/12. Let r = -15 - b. Is r a prime number?
False
Let j be 4/14 + (-2)/7. Suppose j = -9*a + 5*a + 652. Is a composite?
False
Let b be (-57)/(-2)*(-16)/(-12). Let g(u) = u**2 - 2*u. Let y be g(5). Let a = b - y. Is a composite?
False
Suppose 13 = 3*l - 2*l - 3*a, l - 1 = -3*a. Is l a prime number?
True
Let z(h) = -45*h - 11. Is z(-2) a prime number?
True
Let f(i) = -i**2 + 6*i + 2. Let t be f(6). Suppose t*g - 268 = -2*g. Is g a prime number?
True
Suppose 4*j - 3156 = -4*p, 3*p + 0*p = 4*j - 3142. Is j a prime number?
True
Suppose 3 = 4*j - 17. Suppose -p - 236 = -j*p. Is p composite?
False
Let i be 0*(-3 + 4)*-1. Suppose 2*j - 122 = 5*o - 531, i = -5*o - 2*j + 421. Is o prime?
True
Let b be 7636/20 + (-1)/(-5). Suppose 0 = 4*n - 6*n + b. Is n a composite number?
False
Let l = 110 + -21. Let p(a) = -a**2 + 16*a + 1. Let v be p(7). Let n = l - v. Is n composite?
True
Let r(l) = -347*l - 6. Is r(-1) a prime number?
False
Suppose 0 = 4*y + 24 + 12. Let w = 8 + -24. Let q = y - w. Is q a composite number?
False
Suppose -5*b - 4202 = -7*b. Is b composite?
True
Suppose 0 = 2*w - 10 + 4. Suppose 0 = -z + 2*u + 106, 5*z = w*u - 72 + 581. Let p = -23 + z. Is p a composite number?
True
Let a(v) = -v**3 - 4*v**2 - v. Let w be a(-4). Suppose 2*h + 5*u + 8 = 2*u, w*u = -4*h - 24. Is ((-4)/(-5))/(h/(-275)) prime?
False
Let j = -3 - -5. Suppose 2*o + 2*z - 5*z = -112, 3*o - j*z + 163 = 0. Let v = -18 - o. Is v composite?
True
Suppose -2*c = 3*c - 770. Suppose 5*b - 2*p = -6*p + 285, p + c = 3*b. Is b composite?
False
Suppose 2*v = 3*v + 28. Let o = v + 61. Is o a composite number?
True
Let u = 45 + -116. Let p be (-3*1)/((-3)/286). Let b = p + u. Is b composite?
True
Let k(b) = 3*b**2 + 10*b - 6. Is k(7) prime?
True
Suppose 9*g = 5*g + 140. Is g prime?
False
Let l(i) = 1060*i**2 + 3*i - 2. Is l(1) a composite number?
False
Is (-1)/(-2) - 813/(-2) a composite number?
True
Let m(n) = -n**2 + n + 2. Suppose 0 = c + 1 - 4. Let h be m(c). Is (-2)/h*4 + 237 a prime number?
True
Suppose 28 = 2*u + 2*u. Let o(l) = 42*l + 4. Let y be o(u). Suppose j = -3*t + 154, -12 - y = -2*j - 4*t. Is j a composite number?
False
Let b be (-24)/(-9)*138/8. Is (14/4)/(1/b) a composite number?
True
Suppose 19 = 5*k - 1. Let n = 4 - k. Suppose 0 = -n*c + c - 25. Is c composite?
True
Suppose -3*j + 5*a = -52, -38 = -3*j - 0*j - 2*a. Let h be 42/4*j/1. Let s = h + -80. Is s a prime number?
True
Is (2/((-18)/(-1011)))/(7/42) a prime number?
False
Suppose 5*f - 4837 = n, f - 3858 = -3*f - 5*n. Is f composite?
False
Let i = 76 + 11. Is i a prime number?
False
Suppose f - 61 = -4*p, -3*p = 5*f - 4*p - 284. Suppose 3*t + f + 50 = 4*c, 3*t + 15 = 0. Is c a composite number?
False
Let q(k) = -8*k. Let c be q(1). Let j be ((-8)/(-10))/(c/(-20)). Is j*(-1 - (-171)/6) a composite number?
True
Let n = 4 - 2. Let k(r) = -r**2 + r + 12*r**3 + n - 5*r**3 - 3. Is k(2) a prime number?
True
Suppose 5*j - 2*f + 13 = -0*j, 0 = 5*f + 5. Let h(a) = a**2 + 4*a - 1. Let i be h(j). Is (-2 - 6/i)*-742 composite?
True
Let f = 1664 - 1078. Is f a composite number?
True
Suppose 5*a + 4789 = 3*g + g, -5993 = -5*g + 4*a. Is g prime?
True
Let k(o) be the second derivative of o**3 - 3*o**2/2 + 3*o. Let g be ((-4)/6)/((-1)/9). Is k(g) a composite number?
True
Let v be (-126)/2 + 8/(-4). Suppose -96 = -s - 0*s. Let x = s + v. Is x composite?
False
Let x(o) = -25*o**3 - 4*o**2